r when 9143 is divided by 176.
167
Calculate the remainder when 4153 is divided by 519.
1
Calculate the remainder when 85465 is divided by 4747.
19
Calculate the remainder when 1606800 is divided by 759.
756
What is the remainder when 88920 is divided by 353?
317
Calculate the remainder when 1098102 is divided by 5.
2
What is the remainder when 4264 is divided by 531?
16
Calculate the remainder when 563 is divided by 246.
71
What is the remainder when 7902425 is divided by 233?
230
Calculate the remainder when 1120790 is divided by 19.
18
What is the remainder when 1779 is divided by 517?
228
Calculate the remainder when 1313 is divided by 437.
2
What is the remainder when 3265 is divided by 24?
1
What is the remainder when 43481 is divided by 26?
9
What is the remainder when 81558 is divided by 40685?
188
Calculate the remainder when 20367 is divided by 5.
2
What is the remainder when 222010 is divided by 29?
15
Calculate the remainder when 13478 is divided by 413.
262
What is the remainder when 1740 is divided by 304?
220
Calculate the remainder when 31040 is divided by 10319.
83
What is the remainder when 9800 is divided by 203?
56
What is the remainder when 548677 is divided by 251?
242
What is the remainder when 397041 is divided by 198516?
9
Calculate the remainder when 2762 is divided by 387.
53
Calculate the remainder when 158120 is divided by 479.
50
What is the remainder when 3806 is divided by 293?
290
Calculate the remainder when 2798 is divided by 900.
98
Calculate the remainder when 1057 is divided by 5.
2
Calculate the remainder when 1778 is divided by 879.
20
Calculate the remainder when 75813 is divided by 100.
13
Calculate the remainder when 19252 is divided by 45.
37
What is the remainder when 340 is divided by 141?
58
Calculate the remainder when 128248 is divided by 27.
25
What is the remainder when 4802 is divided by 336?
98
What is the remainder when 92417 is divided by 92407?
10
What is the remainder when 63204 is divided by 114?
48
What is the remainder when 2670 is divided by 395?
300
Calculate the remainder when 5984 is divided by 5961.
23
Calculate the remainder when 26715 is divided by 1599.
1131
Calculate the remainder when 802 is divided by 351.
100
Calculate the remainder when 1348 is divided by 1233.
115
Calculate the remainder when 467 is divided by 10.
7
Calculate the remainder when 44811 is divided by 14927.
30
What is the remainder when 130492 is divided by 273?
271
Calculate the remainder when 2194 is divided by 196.
38
What is the remainder when 11300 is divided by 255?
80
Calculate the remainder when 888195 is divided by 888183.
12
What is the remainder when 108599 is divided by 133?
71
What is the remainder when 1038330 is divided by 789?
6
Calculate the remainder when 9966 is divided by 4953.
60
What is the remainder when 26471 is divided by 11?
5
Calculate the remainder when 2636 is divided by 22.
18
What is the remainder when 31389 is divided by 273?
267
Calculate the remainder when 1082 is divided by 213.
17
Calculate the remainder when 1603 is divided by 40.
3
Calculate the remainder when 10942 is divided by 10930.
12
Calculate the remainder when 6989 is divided by 1162.
17
Calculate the remainder when 2975 is divided by 1184.
607
Calculate the remainder when 29102 is divided by 267.
266
What is the remainder when 1121785 is divided by 160254?
7
What is the remainder when 6259732 is divided by 117?
115
What is the remainder when 180992 is divided by 265?
262
Calculate the remainder when 7248 is divided by 315.
3
Calculate the remainder when 7510 is divided by 69.
58
Calculate the remainder when 16794 is divided by 20.
14
Calculate the remainder when 5317 is divided by 40.
37
Calculate the remainder when 2892 is divided by 1446.
0
What is the remainder when 4560 is divided by 1811?
938
What is the remainder when 250416 is divided by 6259?
56
Calculate the remainder when 10728 is divided by 42.
18
What is the remainder when 13004 is divided by 1902?
1592
Calculate the remainder when 1255 is divided by 1244.
11
Calculate the remainder when 7944 is divided by 2630.
54
Calculate the remainder when 8626 is divided by 2872.
10
What is the remainder when 15903 is divided by 209?
19
Calculate the remainder when 188970 is divided by 14.
12
What is the remainder when 70074 is divided by 14011?
19
What is the remainder when 300552 is divided by 277?
7
What is the remainder when 118739 is divided by 25?
14
Calculate the remainder when 16711 is divided by 408.
391
What is the remainder when 7682 is divided by 2103?
1373
What is the remainder when 503 is divided by 168?
167
What is the remainder when 7884543 is divided by 128?
127
Calculate the remainder when 1348747 is divided by 149.
148
What is the remainder when 21762 is divided by 23?
4
What is the remainder when 3667 is divided by 3398?
269
Calculate the remainder when 6504958 is divided by 224.
222
Calculate the remainder when 426572 is divided by 63.
62
Calculate the remainder when 3920 is divided by 549.
77
Calculate the remainder when 27564 is divided by 225.
114
Calculate the remainder when 170874 is divided by 48.
42
What is the remainder when 5606 is divided by 524?
366
What is the remainder when 3346 is divided by 115?
11
Calculate the remainder when 8212 is divided by 8193.
19
What is the remainder when 1154 is divided by 617?
537
What is the remainder when 21896 is divided by 21627?
269
What is the remainder when 30935 is divided by 43?
18
Calculate the remainder when 2019 is divided by 228.
195
Calculate the remainder when 52823 is divided by 148.
135
Calculate the remainder when 1499 is divided by 23.
4
Calculate the remainder when 3202 is divided by 229.
225
What is the remainder when 11413 is divided by 66?
61
Calculate the remainder when 326228 is divided by 113.
110
Calculate the remainder when 82302 is divided by 3427.
54
What is the remainder when 222697 is divided by 63?
55
What is the remainder when 7123 is divided by 2938?
1247
Calculate the remainder when 5048 is divided by 9.
8
What is the remainder when 21 is divided by 13?
8
Calculate the remainder when 10413 is divided by 858.
117
Calculate the remainder when 156466 is divided by 354.
352
Calculate the remainder when 4313 is divided by 187.
12
What is the remainder when 257739 is divided by 85912?
3
Calculate the remainder when 73016 is divided by 298.
6
Calculate the remainder when 258090 is divided by 76.
70
Calculate the remainder when 33258 is divided by 33237.
21
Calculate the remainder when 11926 is divided by 61.
31
Calculate the remainder when 9037 is divided by 104.
93
Calculate the remainder when 3429 is divided by 1676.
77
Calculate the remainder when 2011 is divided by 149.
74
Calculate the remainder when 28479 is divided by 313.
309
What is the remainder when 49094 is divided by 158?
114
Calculate the remainder when 198428 is divided by 11.
10
What is the remainder when 8956 is divided by 153?
82
Calculate the remainder when 4021 is divided by 326.
109
Calculate the remainder when 178129 is divided by 94.
93
What is the remainder when 33083 is divided by 11?
6
What is the remainder when 648 is divided by 194?
66
What is the remainder when 33587 is divided by 6715?
12
What is the remainder when 26737 is divided by 330?
7
Calculate the remainder when 65450 is divided by 21815.
5
Calculate the remainder when 58507 is divided by 92.
87
What is the remainder when 384 is divided by 277?
107
What is the remainder when 21328 is divided by 5304?
112
What is the remainder when 19484 is divided by 6487?
23
Calculate the remainder when 735293 is divided by 123.
122
Calculate the remainder when 133171 is divided by 248.
243
Calculate the remainder when 57451 is divided by 84.
79
Calculate the remainder when 257554 is divided by 430.
414
What is the remainder when 727 is divided by 157?
99
Calculate the remainder when 15341 is divided by 1134.
599
Calculate the remainder when 96287 is divided by 27.
5
Calculate the remainder when 31116 is divided by 1244.
16
What is the remainder when 5990 is divided by 109?
104
What is the remainder when 901660 is divided by 110?
100
What is the remainder when 18920 is divided by 6302?
14
What is the remainder when 74711 is divided by 69?
53
C